o + 17. Let n be y(-13). Let h be -1 + (-4)/8*n. Let w(l) = -8*l + 4. List the prime factors of w(h).
2, 7
Let r = -146 - -689. What are the prime factors of r?
3, 181
Suppose 0 = -3*y - 3*o - 63, -2*y = 3*o + 2*o + 42. Let t = 81 + y. What are the prime factors of t?
2, 3, 5
Suppose 4*c - 3*b = 4689, -154*b = 5*c - 158*b - 5860. What are the prime factors of c?
2, 3, 7
Let f = -10 - -9. Let l = 79 + f. What are the prime factors of l?
2, 3, 13
Let o = 0 + 2. Let v(m) = -67*m - 603. Let h be v(-9). Suppose 3*k - 45 + 6 = -4*q, h = o*q. What are the prime factors of k?
13
Let s = -26 + 28. Suppose -2*z + 2*c = -218, 0 = -s*z - 3*z - 5*c + 555. List the prime factors of z.
2, 5, 11
Suppose 366 = -13*n + 2680. List the prime factors of n.
2, 89
Suppose -7*t + 72 = -6*t. Let f = t + -47. What are the prime factors of f?
5
Suppose -2*j = -2*o - 4838, -3*j = 5*o - o - 7292. What are the prime factors of j?
2, 3, 101
Let h(u) = -80*u - 315. List the prime factors of h(-20).
5, 257
Let y(z) = 2*z**3 - 8*z**2 + z + 1. Let x be y(4). Suppose -k + 366 = x*k. List the prime factors of k.
61
Let y(v) = 14 + v**3 - 4 - 9*v**2 - 9 + 11*v - 2. What are the prime factors of y(8)?
23
Let q = 1407 + 258. What are the prime factors of q?
3, 5, 37
List the prime factors of (-9 + 5907)/6 - 7.
2, 61
Let q(g) = g**3 + 3*g**2 + 2*g + 1. Let l be q(-3). List the prime factors of 4/10 + l/((-75)/1374).
2, 23
Let w(z) = -z**2 - z + 2. Let x be w(-2). Suppose x = -4*h - d + 19, 0*d = 3*h - 5*d - 43. What are the prime factors of (11*h)/2 + 0?
3, 11
Suppose -10*m + 16*m = -8988. What are the prime factors of m/(-21)*(3 + 0)?
2, 107
Suppose 15 = -f - 4*f. Let x be (6/f)/2 - 27. Let p = x + 51. What are the prime factors of p?
23
Let l = 7 - 7. Suppose 11 = -z - w, l = 5*z - 0*w - 5*w + 15. Let b(t) = -t - 3. What are the prime factors of b(z)?
2
Let v(n) = -98*n - 407. What are the prime factors of v(-13)?
3, 17
Let p(r) = 2*r + 13 - 2*r**3 - 3 - 7*r**2 - 4. What are the prime factors of p(-4)?
2, 7
Let y(i) = -139*i + 14. What are the prime factors of y(-2)?
2, 73
Suppose 0 = 2*o + 7 - 63. Let w(u) = -u**2 - 3*u + 1. Let s be w(-5). Let j = s + o. What are the prime factors of j?
19
Let o(q) be the first derivative of -q**2/2 - 4. Let m = -6 + 1. List the prime factors of o(m).
5
Suppose -5*u - 3663 = -2*s - s, s - 1207 = -3*u. List the prime factors of s.
2, 19
Suppose 0 = 5*q - q - 16. Suppose z + 16 = 3*z + q*v, 4*z + v - 18 = 0. Suppose z*n + 19 = 3*g, n - 10 = -4*g + 47. List the prime factors of g.
13
Let n = 408 - 137. List the prime factors of n.
271
Let v = -225 + 1356. What are the prime factors of v?
3, 13, 29
Let a be 3 + 2 + -2 - 0. Suppose 8*z - 282 = 3*z + a*t, 5*z - 283 = 2*t. Let l = -19 + z. List the prime factors of l.
2, 19
Let l = 760 - 740. What are the prime factors of l?
2, 5
Let g = -19 - -23. Suppose 2*z - g*s - 48 = 0, 4*z - 2*s = -z + 104. Suppose 2*a = -8 + z. List the prime factors of a.
2, 3
Let m = 1003 - 492. List the prime factors of m.
7, 73
Suppose 3*n = 4*k + 180, -k + 2*n - 180 = 3*k. Let l = k + 24. Let r = l + 29. What are the prime factors of r?
2
Let m(x) = -261*x**3 - 3*x**2 + x - 3. Let g(n) = -n**3 - n**2 - 1. Let d(c) = -4*g(c) + m(c). List the prime factors of d(-1).
2, 3, 43
List the prime factors of ((-1135)/10)/((-3)/6).
227
Let i = 265 - 119. Suppose -4*d + 534 = -2*j, 2*d - 3*d = -3*j - i. What are the prime factors of d?
131
Let d(p) be the first derivative of p**2 + 18*p - 9. Let u be d(-10). What are the prime factors of ((-100 + 4)/3)/u?
2
Let h = 426 - -617. List the prime factors of h.
7, 149
Let y be (-57)/(-1) + -8 + 4. Let x be 4 + 1 + -2 + y. Suppose -x + 211 = 5*n. What are the prime factors of n?
31
Suppose 3*j - 2*j + 139 = 0. Let f = 571 - 666. Let z = f - j. List the prime factors of z.
2, 11
Let j = 76 + -79. Let l = j + 15. What are the prime factors of l?
2, 3
Let i = 12 - 7. Suppose 0 = -k - i + 20. List the prime factors of k.
3, 5
Suppose -14*f + 4030 = -9*f. List the prime factors of f.
2, 13, 31
Let a(b) = b**3 + 6*b**2. Let l be a(-6). Suppose -4*i + i + 238 = -r, 4*r + 16 = l. What are the prime factors of i?
2, 3, 13
Let v(h) = -h**2 + 11*h - 10. Let l be v(7). Suppose 24*o - 1422 = l*o. What are the prime factors of o?
3, 79
Suppose -4*w + 1945 = w. What are the prime factors of w?
389
Let n(u) = 1. Let y(r) = r**2 - 4*r + 6. Let d(j) = -n(j) + y(j). Let t be d(3). Suppose -6 = t*m, -4*m + 132 = 3*k - 2*m. What are the prime factors of k?
2, 23
Suppose 0 = 5*z - 5*q - 1310, -z = -4*z - 4*q + 800. Suppose -5*h = 6*h - z. What are the prime factors of h?
2, 3
List the prime factors of (-54)/((1/10)/(294/(-315))).
2, 3, 7
Let p = 79 - 101. List the prime factors of (p/(-8))/(8/96).
3, 11
Suppose 286122 = 195*o - 66*o. What are the prime factors of o?
2, 1109
Let t(j) = 35*j**2 + 59*j + 2. List the prime factors of t(-10).
2, 7, 13
Let v be (20/(-7))/(14/(-49)). Let y = v + 2. Suppose h = 4*h - y. List the prime factors of h.
2
Let s(o) = 18*o**2 + 21*o + 235. List the prime factors of s(-8).
23, 53
Let n = 11 - 6. Suppose j + 1 = h, 3*j + 1 = -2. Suppose h = n*k - 7*k + 32. What are the prime factors of k?
2
Let d = 2117 - 1256. What are the prime factors of d?
3, 7, 41
Suppose 206973 = 55*q + 6*q. What are the prime factors of q?
3, 13, 29
Let j = 42 + -27. Let h be (14 + -4)*3 - 2. Suppose 2*r = w + w - h, -3*r = j. List the prime factors of w.
3
List the prime factors of 411148/299 + (-1)/13.
5, 11
Let h(y) = 588*y + 68. List the prime factors of h(2).
2, 311
Let z be (-12)/4 + 0 + 6. Suppose 2*g + 5*n - 68 = 0, -z*g - 2*n + 161 = 48. Let d = g - -5. What are the prime factors of d?
2, 11
What are the prime factors of (-8)/(128/(-1260)) + (-2)/(-8)?
79
Let t be (52/6 + -6)/(4/6). Suppose -t*x + 9*j + 1288 = 4*j, -650 = -2*x + j. What are the prime factors of x?
3, 109
Suppose 0 = -z + 5*x + 836, -914 = -2*z + 5*x + 738. List the prime factors of z.
2, 3, 17
Let w(j) = j**3 + 7*j**2 - j - 3. Let f be w(-7). Suppose 191 = m - f*b, -3*m - 4*b + 744 = m. List the prime factors of m.
11, 17
Let c(r) be the first derivative of -r**4/4 + 4*r**3/3 + 11*r**2/2 - 6*r + 13. List the prime factors of c(-5).
2, 41
Suppose -165*f = -155*f - 200. List the prime factors of f.
2, 5
Let a(f) = f - 11. Let s be a(5). Let h = s + 11. Suppose 61 = 5*l + 2*q, h*l + 4*q - 32 = 25. What are the prime factors of l?
13
Suppose -2*q - 1488 = -10*q. Suppose 864 - q = 6*y. What are the prime factors of y?
113
What are the prime factors of 9062/3 + (-52)/(-39)?
2, 1511
Let t(v) = 8*v**2 + 41*v - 65. List the prime factors of t(14).
31, 67
Let g be 1050/8 + 14/(-56). Let f = -70 + g. What are the prime factors of f?
61
Let h = -49 - -70. Let z(i) = -7 - h*i + 0*i**2 + 22*i + i**2. What are the prime factors of z(5)?
23
Let j = 2313 + -1645. What are the prime factors of j?
2, 167
Let s be (1/5)/((-5)/(-150)). Let h be 3/(-6)*(0 - 18). List the prime factors of (h/s)/(6/116).
29
Suppose -b + 0 = -2. Suppose -3*d - b*u = -5*d - 2, 1 = 5*d + u. Suppose h - 2*c - 16 = 0, d = h + 2*h - 3*c - 42. What are the prime factors of h?
2, 3
Suppose -2*h + 3*v + 21 = 0, -5*h + 80 + 1 = 2*v. Let f(o) = h + 12 - 2*o**3 + o**3. What are the prime factors of f(0)?
3
Let y(j) = -3*j + 59. Let m be y(18). Suppose 310 = -0*a + 5*a - 5*x, 4*x = m*a - 309. List the prime factors of a.
61
Let q(x) = x**2 - 9*x + 17. Let z be q(8). Suppose 3*s = 6*s - z. Suppose -s*w = -2*w - 26. What are the prime factors of w?
2, 13
Let a(q) = 10*q - 178. What are the prime factors of a(30)?
2, 61
Suppose -3*u + 38 = -4*k, -2*u - u + 5*k + 43 = 0. Let g(p) = 3*p**3 - 12*p**2 - 4*p + 3. What are the prime factors of g(u)?
3, 5, 13
Suppose 1041 - 331 = 5*o. List the prime factors of o.
2, 71
Let o(g) = g**3 - 4*g**2 - 5*g + 14. Let v be o(7). Let q = v + -87. List the prime factors of q.
3, 13
Let a = 41 - 40. List the prime factors of ((-147)/(-4))/(a/4).
3, 7
Suppose g + 5*z = -3 + 15, 8 = -g + 5*z. Suppose g*n - 5*p - 61 = 0, -137 = -2*n - 2*n + 5*p. What are the prime factors of n?
2, 19
Let j = 2759 - 1077. What are the prime factors of j?
2, 29
Let v be (10 + -10)/(2 - 1). Let a = 38 - v. List the prime factors of a.
2, 19
Suppose 0 = 3*f - 2*y - 5, -f + 4